ommon divisor of 3220 and 1771?
161
Calculate the highest common divisor of 135 and 1593.
27
What is the greatest common factor of 406 and 42?
14
What is the greatest common divisor of 2584 and 24?
8
What is the highest common divisor of 65 and 52?
13
What is the highest common divisor of 24 and 312?
24
Calculate the highest common divisor of 101 and 5353.
101
What is the greatest common factor of 366 and 18?
6
What is the highest common divisor of 3400 and 220?
20
Calculate the highest common divisor of 18 and 1962.
18
Calculate the highest common divisor of 84 and 132.
12
What is the greatest common divisor of 10 and 35?
5
What is the greatest common divisor of 39 and 91?
13
Calculate the highest common factor of 32 and 28256.
32
What is the highest common factor of 2850 and 900?
150
What is the highest common divisor of 240 and 80?
80
What is the greatest common factor of 490 and 30?
10
Calculate the highest common factor of 4 and 2428.
4
What is the highest common divisor of 126 and 54936?
126
What is the highest common divisor of 153 and 493?
17
Calculate the greatest common factor of 693 and 671.
11
What is the highest common divisor of 9 and 1791?
9
What is the greatest common factor of 40 and 4210?
10
Calculate the highest common divisor of 5866 and 28.
14
What is the highest common divisor of 78 and 222?
6
Calculate the greatest common factor of 54 and 234.
18
Calculate the greatest common divisor of 13 and 25649.
13
Calculate the highest common factor of 1976 and 5092.
76
Calculate the highest common factor of 25 and 195.
5
Calculate the highest common factor of 4488 and 3432.
264
What is the highest common factor of 71 and 6887?
71
What is the greatest common divisor of 82 and 164?
82
Calculate the highest common divisor of 126 and 798.
42
Calculate the greatest common factor of 7 and 343.
7
What is the greatest common factor of 3152 and 16?
16
What is the highest common factor of 4004 and 231?
77
What is the greatest common divisor of 64 and 2848?
32
Calculate the highest common divisor of 325 and 275.
25
Calculate the highest common divisor of 285 and 45.
15
Calculate the greatest common divisor of 92 and 161.
23
What is the greatest common factor of 144 and 9?
9
Calculate the highest common divisor of 33 and 2134.
11
What is the greatest common factor of 56 and 462?
14
What is the greatest common divisor of 248 and 5766?
62
Calculate the greatest common factor of 594 and 486.
54
What is the greatest common divisor of 32 and 3616?
32
Calculate the greatest common divisor of 129 and 645.
129
What is the greatest common factor of 76 and 8265?
19
What is the greatest common divisor of 2420 and 5060?
220
What is the greatest common factor of 897 and 552?
69
Calculate the highest common factor of 30 and 130.
10
Calculate the greatest common factor of 275 and 110.
55
Calculate the greatest common factor of 1088 and 51.
17
Calculate the highest common divisor of 32 and 2.
2
What is the greatest common factor of 67 and 469?
67
What is the greatest common divisor of 551 and 437?
19
What is the highest common divisor of 468 and 12?
12
Calculate the greatest common divisor of 13861 and 167.
167
What is the greatest common divisor of 276 and 780?
12
Calculate the greatest common factor of 57 and 95.
19
Calculate the highest common divisor of 196 and 348.
4
Calculate the greatest common factor of 2961 and 126.
63
Calculate the greatest common divisor of 2068 and 8.
4
What is the greatest common divisor of 296 and 111?
37
What is the greatest common factor of 28 and 812?
28
What is the greatest common factor of 540 and 4140?
180
What is the highest common divisor of 6 and 2478?
6
Calculate the highest common factor of 5612 and 276.
92
What is the highest common divisor of 328 and 1353?
41
What is the highest common divisor of 147 and 189?
21
What is the greatest common divisor of 10 and 1250?
10
Calculate the greatest common divisor of 20 and 3180.
20
What is the highest common factor of 3281 and 102?
17
Calculate the greatest common factor of 2 and 5.
1
What is the highest common factor of 87 and 15?
3
What is the highest common divisor of 2727 and 27?
27
What is the highest common factor of 20 and 4?
4
What is the greatest common divisor of 376 and 616?
8
What is the highest common factor of 988 and 76?
76
Calculate the highest common divisor of 12 and 93.
3
Calculate the highest common factor of 9966 and 66.
66
What is the highest common factor of 800 and 75?
25
Calculate the greatest common divisor of 55 and 121.
11
Calculate the highest common divisor of 19 and 171.
19
Calculate the highest common factor of 2436 and 48.
12
What is the greatest common divisor of 13005 and 153?
153
Calculate the highest common factor of 29319 and 87.
87
Calculate the greatest common divisor of 6 and 28.
2
Calculate the highest common factor of 11060 and 700.
140
What is the highest common divisor of 208 and 234?
26
Calculate the highest common factor of 140 and 7.
7
Calculate the greatest common divisor of 1476 and 90.
18
Calculate the greatest common divisor of 560 and 168.
56
What is the greatest common divisor of 882 and 196?
98
Calculate the highest common divisor of 310 and 434.
62
Calculate the greatest common factor of 476 and 136.
68
Calculate the highest common factor of 9884 and 140.
28
Calculate the greatest common factor of 38 and 893.
19
Calculate the highest common divisor of 7264 and 128.
32
Calculate the highest common factor of 420 and 1500.
60
Calculate the greatest common divisor of 664 and 747.
83
What is the highest common divisor of 648 and 3726?
162
What is the highest common divisor of 203 and 49?
7
What is the highest common factor of 4 and 668?
4
What is the greatest common divisor of 58 and 986?
58
Calculate the greatest common factor of 103 and 82091.
103
Calculate the highest common divisor of 20 and 5000.
20
What is the highest common divisor of 133 and 19?
19
Calculate the highest common factor of 10 and 5.
5
What is the highest common divisor of 689 and 1749?
53
Calculate the greatest common divisor of 126 and 360.
18
Calculate the greatest common divisor of 828 and 216.
36
What is the greatest common factor of 341 and 248?
31
Calculate the greatest common divisor of 75 and 600.
75
Calculate the highest common factor of 30 and 130.
10
What is the greatest common divisor of 56 and 88?
8
Calculate the highest common divisor of 799 and 17.
17
What is the greatest common divisor of 440 and 2024?
88
What is the highest common factor of 247 and 95?
19
What is the highest common factor of 2 and 350?
2
Calculate the highest common factor of 676 and 6500.
52
What is the greatest common factor of 16 and 472?
8
What is the greatest common factor of 13 and 59?
1
What is the greatest common factor of 327 and 34989?
327
Calculate the highest common divisor of 130 and 10.
10
Calculate the greatest common divisor of 9 and 279.
9
Calculate the greatest common factor of 14 and 56.
14
What is the greatest common divisor of 18 and 1062?
18
What is the greatest common divisor of 851 and 46?
23
Calculate the greatest common divisor of 1784 and 24.
8
Calculate the highest common factor of 174 and 1653.
87
Calculate the greatest common factor of 34 and 51.
17
What is the highest common divisor of 345 and 138?
69
Calculate the greatest common divisor of 18 and 117.
9
Calculate the greatest common divisor of 714 and 294.
42
Calculate the greatest common divisor of 2655 and 18.
9
What is the greatest common factor of 304 and 190?
38
Calculate the greatest common divisor of 12956 and 82.
82
Calculate the highest common divisor of 46 and 115.
23
Calculate the highest common factor of 1411 and 83.
83
What is the highest common factor of 651 and 62?
31
What is the greatest common factor of 27 and 24?
3
What is the highest common factor of 26 and 22?
2
What is the greatest common factor of 580 and 464?
116
What is the greatest common factor of 34 and 8177?
17
What is the highest common divisor of 82 and 9553?
41
Calculate the greatest common factor of 4320 and 1280.
160
What is the greatest common divisor of 42 and 14?
14
What is the highest common divisor of 770 and 203?
7
What is the highest common factor of 805 and 23?
23
What is the greatest common 